= z - 1. Let b be v(3). Suppose b*w + 3 = 27. What is the units digit of w?
2
Let y(n) = n**3 + 7*n**2 - 5*n - 6. Let k be y(-7). Suppose -5*v = -56 - k. Let t = 0 + v. What is the units digit of t?
7
Let w be 0/1 - (4 + 2). Let s = w - -10. Suppose s = h - 3*l - 2, -l - 10 = -3*h. What is the units digit of h?
3
Let j = 0 - -9. Suppose -s + 34 = 2*l - 2*s, 90 = 5*l - 5*s. Let x = l - j. What is the units digit of x?
7
Let b be (3 + -1)/((-1)/22). Let t = -16 - b. What is the tens digit of 4/(-14) - (-400)/t?
1
Let p = -16 + 40. Suppose -11 = -5*f + p. What is the units digit of 1*-1 + f + 2?
8
Suppose 0 = -3*w - w + 4. Let i be (-3 + w)*2/(-4). Let p = 5 - i. What is the units digit of p?
4
Let o = 4 - 4. Suppose 5*s + 0*s - 250 = o. What is the tens digit of s?
5
Let a be (-3)/(-12) - 57/(-12). Suppose -a*o = -2*r + 25, r = 5*o + 8 + 7. What is the units digit of r?
0
Let w(r) = r**3 - 10*r**2 - 5*r - 18. What is the units digit of w(11)?
8
Let g(p) = p**3 - 2*p**2 - 2*p. Let r(j) = j**2 + 8*j + 10. Let d be r(-7). What is the units digit of g(d)?
3
Let o(m) = -7*m - 67. What is the units digit of o(-15)?
8
Let r = -40 + 111. Suppose 0 = -7*p + 4*p + y + r, -p + 5*y + 5 = 0. What is the units digit of p?
5
Let r be 194/18 - (-14)/63. Suppose -10*z = -r*z + 4. What is the units digit of z?
4
Let v = 628 + -352. What is the units digit of v/28 - 1/(-7)?
0
What is the hundreds digit of 10/2 + 245 + 46?
2
Let u(y) = -2*y - 7. Let s be u(-5). Suppose -s*o - o = 20. What is the units digit of 1 + o/(5/(-8))?
9
Let s be (-40)/6*(-36)/15. Let c = 19 + s. What is the units digit of c?
5
Suppose -2*f - f = -36. Suppose -3*o = o - f. What is the units digit of o?
3
Let s(a) be the third derivative of a**5/12 - a**4/12 + a**3/2 + 3*a**2. What is the units digit of s(2)?
9
Let m(j) = -j**2 + 3*j - 3. Let q be m(-3). What is the tens digit of (7/q)/(2/(-114))?
1
Let z be (8/(-5))/(2/10). Suppose 33 = 3*o + 3*q, 0 = -5*o - 2*q - 2*q + 56. What is the units digit of o/z + 13/2?
5
Let m(h) = h**2 + 6*h + 6. Let s be m(-4). Let g = 1 - s. Suppose -g*i + 20 = 2*i. What is the units digit of i?
4
Let v(u) be the third derivative of -u**6/360 - u**5/15 - u**4/6 + u**3/6 - u**2. Let h(i) be the first derivative of v(i). What is the tens digit of h(-4)?
1
Suppose 3*h = 2*w - 30, -w + 2*h + 20 = 7. Let v be w + (3 - 2)*-2. What is the units digit of 0 - -2 - (7 - v)?
4
Let t = -15 - -9. Let f be ((-2)/(-3))/((-2)/(-9)). What is the units digit of (4/f)/((-1)/t)?
8
Suppose 0 = -3*a + 81 + 96. What is the units digit of a?
9
Let o be (4/2 - 1) + 3. Suppose -2*r + o*p + 60 = 0, 0 = -2*r + r - 2*p + 18. What is the tens digit of r?
2
Let r(o) = -o**2 - 8*o - 6. Let t(l) = l**2 + 9*l + 8. Let a be t(-7). What is the units digit of r(a)?
6
Let m(i) = 2*i - 7. Let p be m(6). Let d be -2*((-14)/(-4) - 3). What is the units digit of ((-2)/p)/(d/15)?
6
Suppose 2*s - 4 = -s + 5*j, -3*s = -j - 8. Suppose s*z - 38 = z. What is the units digit of z?
9
Let q = 8 + -3. Suppose -3*v - q*g + 15 = -0*g, -3*v + 5*g = -15. What is the units digit of v?
5
Let j(s) = s + 5. Let v be j(0). Suppose 2*k + 33 = 3*a - 3*k, -55 = -v*a - 4*k. What is the tens digit of a?
1
Suppose -3 = 3*f, -4*a + 15 = f + 4. Suppose -i + 25 = -a*o, 0 = 5*i - 4*o - o - 95. Suppose -4*d + 0*d + i = 0. What is the units digit of d?
4
Suppose 3*k + w = -37, -2*k + 2*w - 21 = 9. Let j = k + 21. Let l(f) = f**2 - 6*f - 5. What is the units digit of l(j)?
1
Let s(r) be the third derivative of r**5/60 - r**4/6 - r**3/6 - r**2. Let c be s(5). Let q = c + 3. What is the units digit of q?
7
Suppose -5*q + 4*l + 739 = 0, 2*q + 3*l = 108 + 206. What is the hundreds digit of q?
1
Let c(i) = 15*i**3 + 3*i**2 - i - 1. Let y(t) = -15*t**3 - 2*t**2 + t + 1. Let m(h) = 3*c(h) + 4*y(h). What is the units digit of m(-1)?
6
Let f = -2 + 3. Let i be 1/f*(-1 - -1). Suppose -l - 1 + 8 = i. What is the units digit of l?
7
Suppose -2*s = -5*t - 20, -4*t + 4*s - 8 = -2*t. Let u be (-11)/t - 2/(-8). Suppose -5 - u = -4*v. What is the units digit of v?
2
Suppose 4*g + 177 = 1061. What is the hundreds digit of g?
2
Let q(o) = -9*o**3 - o**2 - 4*o. What is the tens digit of q(-3)?
4
What is the units digit of (-522)/(-14) - 4/14?
7
What is the units digit of 46 + 4/(-2) + -1?
3
Let r(n) = n**2 - 7*n + 8. Let t be r(6). Let y be (-1 - (4 - t))/1. Let s(h) = h**3 + 4*h**2 + 2*h + 4. What is the units digit of s(y)?
7
What is the tens digit of -2 - (6/(-15) - 488/5)?
9
Let q(x) = x**3 + 2*x + 1. Let h be q(2). Suppose -4*z = 5*g + h, 3*z + 2*g = -0*g - 1. What is the units digit of z/((10/(-4))/(-5))?
6
Suppose 0 = -3*y + 3*u + 309, -5*y = 2*u - 542 + 13. What is the units digit of y?
5
Let m(s) = -s + 2. Let h be m(-2). Let l be 2/(-9) + h/18. Suppose -30 = -2*p - x - l*x, 5*x = -2*p + 38. What is the tens digit of p?
1
Suppose 3*q + q = -48. Let p = 18 + q. What is the units digit of p?
6
Suppose 11 = 5*w - 14. Suppose 4*j - 5*s = -w, j - s - 1 = -2*s. Suppose j = 2*b + b - 42. What is the tens digit of b?
1
Suppose 3 = 2*z - 3*m, -5*z - 2*m + 3*m = -40. Let k = z + 0. What is the units digit of k?
9
Let x(m) = 10*m. Let a be x(-1). Let s = 5 + a. What is the units digit of 24/15 - 2/s?
2
Suppose b - 66 = -5*f - 0*f, 0 = 5*b + f - 258. What is the units digit of b?
1
Suppose -5*k + 49 + 41 = 0. What is the units digit of 21/k - (-2)/(-12)?
1
Let n = 6 - 1. What is the units digit of n?
5
Let v(t) be the first derivative of -t**5/20 + 7*t**4/12 - t**3 + t**2 - t + 1. Let b(x) be the first derivative of v(x). What is the units digit of b(6)?
2
Let p(j) = -j**2 + 7*j - 5. Let c be p(6). Let z(g) be the first derivative of 2*g**4 - g**2 + g - 1. What is the units digit of z(c)?
7
Let a = 57 - 13. What is the tens digit of a?
4
Suppose 4*q + 1 = 21. Suppose q*m = 15 + 5. Suppose m*o = -2*p - p + 19, p - 2 = 3*o. What is the units digit of p?
5
Let x(a) = 10*a**3 + 2*a**2 - 2*a + 1. Let u be x(1). Let w = -6 + u. What is the units digit of w?
5
Suppose -t + 1 - 5 = 0. Let g(r) = r**3 + 3*r**2 - 4*r + 3. Let a be g(t). What is the units digit of ((-1)/a)/((-2)/6)?
1
Let d(c) = 8*c**2 - 53 + 0*c**2 + 57 - 3*c. What is the units digit of d(2)?
0
What is the units digit of -2 + 27 + 1 + 3?
9
What is the tens digit of 104 + 10 + 0/3?
1
Suppose -2*y = -130 - 122. What is the units digit of y?
6
Let y be (19/(-2))/(3/18). Let a = y - -124. Suppose -5*n - 39 = -4*b, n - 18 = -5*b + a. What is the tens digit of b?
1
Let q(g) = -g**3 + 4*g**2 - 2*g - 2. Let p be 5*(8/5)/4. Let u be q(p). Suppose -w + u = -8. What is the tens digit of w?
1
Suppose 0 = -4*b + 3*q + 272, q = 5*q. Suppose j - 1 = 2, 0 = -4*v - 4*j + 24. Suppose v*o - b = -o. What is the tens digit of o?
1
Let w = -29 + 73. What is the tens digit of w?
4
Suppose 0 = o + 5*n - 76, 251 = 3*o - 2*n + 57. What is the tens digit of o?
6
Suppose -3*j + 5*x + 18 = -2*j, 4*x = -4*j. Suppose 5*f = -j*t + 61, -6*t - 4*f = -2*t - 92. What is the units digit of t?
7
Let d(x) = 2*x - 6*x - 2*x + 3*x + 5*x**2 + 1. Let v be d(3). Suppose -4*l + 15 + v = 0. What is the tens digit of l?
1
Let o be -4*2/4*-1. Suppose o*l + 2 = l. What is the units digit of (-3 - -9)/(4 + l)?
3
Let v be (10/4)/((-5)/470). What is the tens digit of (-2)/(-4) - v/10?
2
Suppose d + 2*d = 123. Let p = -23 + d. What is the units digit of p?
8
Let x(k) = 2*k**2 + 5*k + 7. What is the tens digit of x(5)?
8
Let p(n) = n**2 + n - 12. Let g be p(0). Let w = -3 - -10. Let j = w - g. What is the tens digit of j?
1
Let t(g) = g**2 - 7*g - 26. What is the units digit of t(11)?
8
Let n = 8 + -5. Suppose -n*f + 7 + 8 = 0. What is the units digit of f?
5
Let l be (-50)/(-3)*(-15)/(-10). Let y be ((-10)/l)/((-2)/5). Suppose 3*p = 2*p + y. What is the units digit of p?
1
Suppose 0 = -2*u + b + 4, 2*u - 6*u - 3*b + 8 = 0. Suppose 0*t - u*t + 6 = 0. What is the units digit of t?
3
Let l(a) = a**3 + a**2 + a - 10. What is the tens digit of l(6)?
4
Let i = 14 - 10. Let o = 46 - i. Suppose -o = -x - 2*x. What is the units digit of x?
4
Suppose 29 + 35 = 4*j. What is the units digit of j?
6
Let j be (-61)/(-9) - 4/(-18). Let c = 10 + j. Suppose 69 = 4*k + c. What is the tens digit of k?
1
Suppose 5*n = -3*y - 27, 3*y = -5*n + 2*y - 29. Let p(z) = z + 